{"id":208,"date":"2023-05-01T22:38:20","date_gmt":"2023-05-01T20:38:20","guid":{"rendered":"https:\/\/maboxnatation.fr\/?page_id=208"},"modified":"2024-05-09T21:59:10","modified_gmt":"2024-05-09T19:59:10","slug":"blog-dans-le-blog-vous-trouverez-toutes-les-informations-et-conseils-sur-la-natation-en-general-competitions-entrainements-ou-materiel","status":"publish","type":"page","link":"https:\/\/maboxnatation.fr\/","title":{"rendered":"Blog"},"content":{"rendered":"\n<p><strong>Dans ce blog, vous trouverez toutes les informations concernant la natation en g\u00e9n\u00e9ral.<\/strong><\/p>\n\n\n\n<figure class=\"wp-block-image size-thumbnail\"><img data-recalc-dims=\"1\" loading=\"lazy\" decoding=\"async\" width=\"150\" height=\"150\" src=\"https:\/\/i0.wp.com\/maboxnatation.fr\/wp-content\/uploads\/2021\/11\/linda-recadree-live-love-swim.jpg?resize=150%2C150&#038;ssl=1\" alt=\"Blog natation\" class=\"wp-image-32\" srcset=\"https:\/\/i0.wp.com\/maboxnatation.fr\/wp-content\/uploads\/2021\/11\/linda-recadree-live-love-swim-scaled.jpg?resize=150%2C150&amp;ssl=1 150w, https:\/\/i0.wp.com\/maboxnatation.fr\/wp-content\/uploads\/2021\/11\/linda-recadree-live-love-swim-scaled.jpg?resize=100%2C100&amp;ssl=1 100w, https:\/\/i0.wp.com\/maboxnatation.fr\/wp-content\/uploads\/2021\/11\/linda-recadree-live-love-swim-scaled.jpg?resize=250%2C250&amp;ssl=1 250w, https:\/\/i0.wp.com\/maboxnatation.fr\/wp-content\/uploads\/2021\/11\/linda-recadree-live-love-swim-scaled.jpg?zoom=2&amp;resize=150%2C150&amp;ssl=1 300w, https:\/\/i0.wp.com\/maboxnatation.fr\/wp-content\/uploads\/2021\/11\/linda-recadree-live-love-swim-scaled.jpg?zoom=3&amp;resize=150%2C150&amp;ssl=1 450w\" sizes=\"auto, (max-width: 150px) 100vw, 150px\" \/><\/figure>\n\n\n\n<p>La natation, c&rsquo;est ma passion depuis que j&rsquo;ai 7 ans. Cela fait maintenant plus de 40 ans que je nage.<\/p>\n\n\n\n<p>Tr\u00e8s t\u00f4t j&rsquo;ai su que j&rsquo;allais en faire mon m\u00e9tier. J&rsquo;ai toujours aim\u00e9 transmettre ce que j&rsquo;ai appris en tant que nageuse. J&rsquo;ai commenc\u00e9 \u00e0 entrainer dans mon club \u00e0 l&rsquo;\u00e2ge de 16 ans. Je suis aussi devenue officielle de natation au m\u00eame \u00e2ge.<\/p>\n\n\n\n<h2 class=\"wp-block-heading\">Ma carri\u00e8re <\/h2>\n\n\n\n<p>Mon entra\u00eeneur m&rsquo;a permis de d\u00e9velopper une app\u00e9tence pour l&rsquo;apprentissage, l&rsquo;entrainement et la comp\u00e9tition. Je suis donc devenue maitre nageur en 1997. J&rsquo;ai travaill\u00e9 aupr\u00e8s de nombreuses collectivit\u00e9s et j&rsquo;ai entrain\u00e9 dans de nombreux clubs. J&rsquo;ai form\u00e9 de nombreux nageurs de tout \u00e2ge et de tout niveau. Ce qui m&rsquo;a permit de former deux nageurs qui ont fait partis de l&rsquo;\u00e9quipe de France junior il y a plus de quinze ans.<\/p>\n\n\n\n<p>L&rsquo;apprentissage de la natation est importante. Cela permet de se sauver en cas de chute accidentelle dans un plan d&rsquo;eau. Cela permet aussi d&rsquo;avoir acc\u00e8s \u00e0 certains emplois. <\/p>\n\n\n\n<p>Il est n\u00e9cessaire de savoir nager pour \u00eatre: \u00e9ducateur sportif, professeur des \u00e9coles, h\u00f4tesses de l&rsquo;air, steward, magistrats, pompiers, gendarmes ou policiers. Il y a encore une multitude de m\u00e9tiers o\u00f9 savoir nager est obligatoire.<\/p>\n\n\n\n<h2 class=\"wp-block-heading\">O\u00f9 apprendre \u00e0 nager?<\/h2>\n\n\n\n<p>Vous souhaitez apprendre \u00e0 nager, rien de plus simple. Il suffit de prendre contact avec des maitres nageurs. Dans certaines piscines , des cours particuliers sont dispens\u00e9s. Vous avez aussi la possibilit\u00e9 de vous renseigner aupr\u00e8s d&rsquo;un club qui se trouve dans votre ville ou pr\u00e8s de chez vous. Vous aurez toues les informations utiles pour trouver un club sur le site de la <a href=\"https:\/\/www.ffnatation.fr\/\">F\u00e9d\u00e9ration Fran\u00e7aise de Natation<\/a>.<\/p>\n\n\n\n<p>Un bon entra\u00eenement n\u00e9cessite un bon \u00e9quipement, c&rsquo;est pour cela que j&rsquo;ai d\u00e9cid\u00e9 de cr\u00e9er <a href=\"https:\/\/maboxnatation.fr\/index.php\/boutique\/\">ma box natation<\/a>. La box est envoy\u00e9e chaque trimestre et contient diff\u00e9rents produits pour nager dans de bonnes conditions. Vous pourrez d\u00e9couvrir des bonnets de natation, des lunettes, des filets, des produits di\u00e9t\u00e9tiques, des surprises.<\/p>\n\n\n\n<p>Bient\u00f4t sur le blog vous pourrez aussi d\u00e9couvrir des conseils sur la baignade ou sur certains produits. <\/p>\n\n\n\n<p>Le concept et les articles du blog vous plaisent, n&rsquo;h\u00e9sitez pas \u00e0 en parler autour de vous.<\/p>\n\n\n\n<p><\/p>\n\n\n\n<p><\/p>\n\n\n\n<p><\/p>\n","protected":false},"excerpt":{"rendered":"<p>Dans ce blog, vous trouverez toutes les informations concernant la natation en g\u00e9n\u00e9ral. La natation, c&rsquo;est ma passion depuis que j&rsquo;ai 7 ans. Cela fait maintenant plus de 40 ans que je nage. Tr\u00e8s t\u00f4t j&rsquo;ai su que j&rsquo;allais en faire mon m\u00e9tier. J&rsquo;ai toujours aim\u00e9 transmettre ce que j&rsquo;ai appris en tant que nageuse. &hellip; <\/p>\n<p class=\"link-more\"><a href=\"https:\/\/maboxnatation.fr\/\" class=\"more-link\">Continuer la lecture<span class=\"screen-reader-text\"> de &laquo;&nbsp;Blog&nbsp;&raquo;<\/span><\/a><\/p>\n","protected":false},"author":1,"featured_media":32,"parent":0,"menu_order":0,"comment_status":"closed","ping_status":"closed","template":"","meta":{"footnotes":""},"class_list":["post-208","page","type-page","status-publish","has-post-thumbnail","hentry"],"yoast_head":"<!-- This site is optimized with the Yoast SEO plugin v27.4 - https:\/\/yoast.com\/product\/yoast-seo-wordpress\/ -->\n<title>Blog - Ma box natation<\/title>\n<meta name=\"description\" content=\"Dans le blog, vous trouverez toutes les informations et conseils sur la natation en g\u00e9n\u00e9ral: comp\u00e9titions, entrainements ou mat\u00e9riel.\" \/>\n<meta name=\"robots\" content=\"index, follow, max-snippet:-1, max-image-preview:large, max-video-preview:-1\" \/>\n<link rel=\"canonical\" href=\"https:\/\/maboxnatation.fr\/\" \/>\n<meta property=\"og:locale\" content=\"fr_FR\" \/>\n<meta property=\"og:type\" content=\"article\" \/>\n<meta property=\"og:title\" content=\"Blog - Ma box natation\" \/>\n<meta property=\"og:description\" content=\"Dans le blog, vous trouverez toutes les informations et conseils sur la natation en g\u00e9n\u00e9ral: comp\u00e9titions, entrainements ou mat\u00e9riel.\" \/>\n<meta property=\"og:url\" content=\"https:\/\/maboxnatation.fr\/\" \/>\n<meta property=\"og:site_name\" content=\"Ma box natation\" \/>\n<meta property=\"article:modified_time\" content=\"2024-05-09T19:59:10+00:00\" \/>\n<meta property=\"og:image\" content=\"https:\/\/i0.wp.com\/maboxnatation.fr\/wp-content\/uploads\/2021\/11\/linda-recadree-live-love-swim-scaled.jpg?fit=2560%2C1953&ssl=1\" \/>\n\t<meta property=\"og:image:width\" content=\"2560\" \/>\n\t<meta property=\"og:image:height\" content=\"1953\" \/>\n\t<meta property=\"og:image:type\" content=\"image\/jpeg\" \/>\n<meta name=\"twitter:card\" content=\"summary_large_image\" \/>\n<meta name=\"twitter:label1\" content=\"Dur\u00e9e de lecture estim\u00e9e\" \/>\n\t<meta name=\"twitter:data1\" content=\"3 minutes\" \/>\n<script type=\"application\/ld+json\" class=\"yoast-schema-graph\">{\"@context\":\"https:\\\/\\\/schema.org\",\"@graph\":[{\"@type\":\"WebPage\",\"@id\":\"https:\\\/\\\/maboxnatation.fr\\\/\",\"url\":\"https:\\\/\\\/maboxnatation.fr\\\/\",\"name\":\"Blog - Ma box natation\",\"isPartOf\":{\"@id\":\"https:\\\/\\\/maboxnatation.fr\\\/#website\"},\"primaryImageOfPage\":{\"@id\":\"https:\\\/\\\/maboxnatation.fr\\\/#primaryimage\"},\"image\":{\"@id\":\"https:\\\/\\\/maboxnatation.fr\\\/#primaryimage\"},\"thumbnailUrl\":\"https:\\\/\\\/i0.wp.com\\\/maboxnatation.fr\\\/wp-content\\\/uploads\\\/2021\\\/11\\\/linda-recadree-live-love-swim-scaled.jpg?fit=2560%2C1953&ssl=1\",\"datePublished\":\"2023-05-01T20:38:20+00:00\",\"dateModified\":\"2024-05-09T19:59:10+00:00\",\"description\":\"Dans le blog, vous trouverez toutes les informations et conseils sur la natation en g\u00e9n\u00e9ral: comp\u00e9titions, entrainements ou mat\u00e9riel.\",\"breadcrumb\":{\"@id\":\"https:\\\/\\\/maboxnatation.fr\\\/#breadcrumb\"},\"inLanguage\":\"fr-FR\",\"potentialAction\":[{\"@type\":\"ReadAction\",\"target\":[\"https:\\\/\\\/maboxnatation.fr\\\/\"]}]},{\"@type\":\"ImageObject\",\"inLanguage\":\"fr-FR\",\"@id\":\"https:\\\/\\\/maboxnatation.fr\\\/#primaryimage\",\"url\":\"https:\\\/\\\/i0.wp.com\\\/maboxnatation.fr\\\/wp-content\\\/uploads\\\/2021\\\/11\\\/linda-recadree-live-love-swim-scaled.jpg?fit=2560%2C1953&ssl=1\",\"contentUrl\":\"https:\\\/\\\/i0.wp.com\\\/maboxnatation.fr\\\/wp-content\\\/uploads\\\/2021\\\/11\\\/linda-recadree-live-love-swim-scaled.jpg?fit=2560%2C1953&ssl=1\",\"width\":2560,\"height\":1953,\"caption\":\"Linda\"},{\"@type\":\"BreadcrumbList\",\"@id\":\"https:\\\/\\\/maboxnatation.fr\\\/#breadcrumb\",\"itemListElement\":[{\"@type\":\"ListItem\",\"position\":1,\"name\":\"Accueil\",\"item\":\"https:\\\/\\\/maboxnatation.fr\\\/\"},{\"@type\":\"ListItem\",\"position\":2,\"name\":\"Blog\"}]},{\"@type\":\"WebSite\",\"@id\":\"https:\\\/\\\/maboxnatation.fr\\\/#website\",\"url\":\"https:\\\/\\\/maboxnatation.fr\\\/\",\"name\":\"Ma box natation\",\"description\":\"L&#039;essentiel pour la natation\",\"publisher\":{\"@id\":\"https:\\\/\\\/maboxnatation.fr\\\/#organization\"},\"potentialAction\":[{\"@type\":\"SearchAction\",\"target\":{\"@type\":\"EntryPoint\",\"urlTemplate\":\"https:\\\/\\\/maboxnatation.fr\\\/?s={search_term_string}\"},\"query-input\":{\"@type\":\"PropertyValueSpecification\",\"valueRequired\":true,\"valueName\":\"search_term_string\"}}],\"inLanguage\":\"fr-FR\"},{\"@type\":\"Organization\",\"@id\":\"https:\\\/\\\/maboxnatation.fr\\\/#organization\",\"name\":\"ma box natation\",\"url\":\"https:\\\/\\\/maboxnatation.fr\\\/\",\"logo\":{\"@type\":\"ImageObject\",\"inLanguage\":\"fr-FR\",\"@id\":\"https:\\\/\\\/maboxnatation.fr\\\/#\\\/schema\\\/logo\\\/image\\\/\",\"url\":\"https:\\\/\\\/maboxnatation.fr\\\/wp-content\\\/uploads\\\/2021\\\/11\\\/Design-sans-titre-3.png\",\"contentUrl\":\"https:\\\/\\\/maboxnatation.fr\\\/wp-content\\\/uploads\\\/2021\\\/11\\\/Design-sans-titre-3.png\",\"width\":1000,\"height\":1000,\"caption\":\"ma box natation\"},\"image\":{\"@id\":\"https:\\\/\\\/maboxnatation.fr\\\/#\\\/schema\\\/logo\\\/image\\\/\"}}]}<\/script>\n<!-- \/ Yoast SEO plugin. -->","yoast_head_json":{"title":"Blog - Ma box natation","description":"Dans le blog, vous trouverez toutes les informations et conseils sur la natation en g\u00e9n\u00e9ral: comp\u00e9titions, entrainements ou mat\u00e9riel.","robots":{"index":"index","follow":"follow","max-snippet":"max-snippet:-1","max-image-preview":"max-image-preview:large","max-video-preview":"max-video-preview:-1"},"canonical":"https:\/\/maboxnatation.fr\/","og_locale":"fr_FR","og_type":"article","og_title":"Blog - Ma box natation","og_description":"Dans le blog, vous trouverez toutes les informations et conseils sur la natation en g\u00e9n\u00e9ral: comp\u00e9titions, entrainements ou mat\u00e9riel.","og_url":"https:\/\/maboxnatation.fr\/","og_site_name":"Ma box natation","article_modified_time":"2024-05-09T19:59:10+00:00","og_image":[{"width":2560,"height":1953,"url":"https:\/\/i0.wp.com\/maboxnatation.fr\/wp-content\/uploads\/2021\/11\/linda-recadree-live-love-swim-scaled.jpg?fit=2560%2C1953&ssl=1","type":"image\/jpeg"}],"twitter_card":"summary_large_image","twitter_misc":{"Dur\u00e9e de lecture estim\u00e9e":"3 minutes"},"schema":{"@context":"https:\/\/schema.org","@graph":[{"@type":"WebPage","@id":"https:\/\/maboxnatation.fr\/","url":"https:\/\/maboxnatation.fr\/","name":"Blog - Ma box natation","isPartOf":{"@id":"https:\/\/maboxnatation.fr\/#website"},"primaryImageOfPage":{"@id":"https:\/\/maboxnatation.fr\/#primaryimage"},"image":{"@id":"https:\/\/maboxnatation.fr\/#primaryimage"},"thumbnailUrl":"https:\/\/i0.wp.com\/maboxnatation.fr\/wp-content\/uploads\/2021\/11\/linda-recadree-live-love-swim-scaled.jpg?fit=2560%2C1953&ssl=1","datePublished":"2023-05-01T20:38:20+00:00","dateModified":"2024-05-09T19:59:10+00:00","description":"Dans le blog, vous trouverez toutes les informations et conseils sur la natation en g\u00e9n\u00e9ral: comp\u00e9titions, entrainements ou mat\u00e9riel.","breadcrumb":{"@id":"https:\/\/maboxnatation.fr\/#breadcrumb"},"inLanguage":"fr-FR","potentialAction":[{"@type":"ReadAction","target":["https:\/\/maboxnatation.fr\/"]}]},{"@type":"ImageObject","inLanguage":"fr-FR","@id":"https:\/\/maboxnatation.fr\/#primaryimage","url":"https:\/\/i0.wp.com\/maboxnatation.fr\/wp-content\/uploads\/2021\/11\/linda-recadree-live-love-swim-scaled.jpg?fit=2560%2C1953&ssl=1","contentUrl":"https:\/\/i0.wp.com\/maboxnatation.fr\/wp-content\/uploads\/2021\/11\/linda-recadree-live-love-swim-scaled.jpg?fit=2560%2C1953&ssl=1","width":2560,"height":1953,"caption":"Linda"},{"@type":"BreadcrumbList","@id":"https:\/\/maboxnatation.fr\/#breadcrumb","itemListElement":[{"@type":"ListItem","position":1,"name":"Accueil","item":"https:\/\/maboxnatation.fr\/"},{"@type":"ListItem","position":2,"name":"Blog"}]},{"@type":"WebSite","@id":"https:\/\/maboxnatation.fr\/#website","url":"https:\/\/maboxnatation.fr\/","name":"Ma box natation","description":"L&#039;essentiel pour la natation","publisher":{"@id":"https:\/\/maboxnatation.fr\/#organization"},"potentialAction":[{"@type":"SearchAction","target":{"@type":"EntryPoint","urlTemplate":"https:\/\/maboxnatation.fr\/?s={search_term_string}"},"query-input":{"@type":"PropertyValueSpecification","valueRequired":true,"valueName":"search_term_string"}}],"inLanguage":"fr-FR"},{"@type":"Organization","@id":"https:\/\/maboxnatation.fr\/#organization","name":"ma box natation","url":"https:\/\/maboxnatation.fr\/","logo":{"@type":"ImageObject","inLanguage":"fr-FR","@id":"https:\/\/maboxnatation.fr\/#\/schema\/logo\/image\/","url":"https:\/\/maboxnatation.fr\/wp-content\/uploads\/2021\/11\/Design-sans-titre-3.png","contentUrl":"https:\/\/maboxnatation.fr\/wp-content\/uploads\/2021\/11\/Design-sans-titre-3.png","width":1000,"height":1000,"caption":"ma box natation"},"image":{"@id":"https:\/\/maboxnatation.fr\/#\/schema\/logo\/image\/"}}]}},"jetpack_sharing_enabled":true,"_links":{"self":[{"href":"https:\/\/maboxnatation.fr\/index.php\/wp-json\/wp\/v2\/pages\/208","targetHints":{"allow":["GET"]}}],"collection":[{"href":"https:\/\/maboxnatation.fr\/index.php\/wp-json\/wp\/v2\/pages"}],"about":[{"href":"https:\/\/maboxnatation.fr\/index.php\/wp-json\/wp\/v2\/types\/page"}],"author":[{"embeddable":true,"href":"https:\/\/maboxnatation.fr\/index.php\/wp-json\/wp\/v2\/users\/1"}],"replies":[{"embeddable":true,"href":"https:\/\/maboxnatation.fr\/index.php\/wp-json\/wp\/v2\/comments?post=208"}],"version-history":[{"count":4,"href":"https:\/\/maboxnatation.fr\/index.php\/wp-json\/wp\/v2\/pages\/208\/revisions"}],"predecessor-version":[{"id":269,"href":"https:\/\/maboxnatation.fr\/index.php\/wp-json\/wp\/v2\/pages\/208\/revisions\/269"}],"wp:featuredmedia":[{"embeddable":true,"href":"https:\/\/maboxnatation.fr\/index.php\/wp-json\/wp\/v2\/media\/32"}],"wp:attachment":[{"href":"https:\/\/maboxnatation.fr\/index.php\/wp-json\/wp\/v2\/media?parent=208"}],"curies":[{"name":"wp","href":"https:\/\/api.w.org\/{rel}","templated":true}]}}