{"id":307,"date":"2024-07-24T21:39:37","date_gmt":"2024-07-24T19:39:37","guid":{"rendered":"https:\/\/maboxnatation.fr\/?post_type=product&#038;p=307"},"modified":"2025-06-16T07:28:30","modified_gmt":"2025-06-16T05:28:30","slug":"bonnet-de-natation","status":"publish","type":"product","link":"https:\/\/maboxnatation.fr\/index.php\/produit\/bonnet-de-natation\/","title":{"rendered":"Bonnet de natation"},"content":{"rendered":"<p>Bonnet de natation en silicone bleu \u00ab\u00a0Ma box natation\u00a0\u00bb.<\/p>\n<p>Que vous soyez nageurs r\u00e9guliers ou occasionnels, vous savez que le port du bonnet de natation est id\u00e9al pour nager. Malheureusement, il n&rsquo;est pas encore obligatoire dans toutes les piscines ce qui est fort dommage.<\/p>\n<p>Les avantages du port du bonnet de natation sont multiples. Tout d&rsquo;abord il prot\u00e8ge les cheveux des agressions du chlore. En portant un bonnet, vos cheveux seront moins abim\u00e9s, moins secs et moins d\u00e9color\u00e9s.<\/p>\n<p>Ensuite le port du bonnet contribue \u00e0 am\u00e9liorer la qualit\u00e9 de l&rsquo;eau des piscines. En effet, il permet aux nageuses et nageurs de ne pas perdre leurs cheveux dans l&rsquo;eau ce qui \u00e9vite d&rsquo;avoir une eau pollu\u00e9e et de rajouter des quantit\u00e9s suppl\u00e9mentaires de chlore. Et cela \u00e9vite aux autres nageuses et nageurs de nager avec des morceaux de cheveux qui flottent dans l&rsquo;eau. Ce n&rsquo;est jamais agr\u00e9able.<\/p>\n<p>Bien choisir son bonnet permet de nager en toute tranquillit\u00e9 et s\u00e9r\u00e9nit\u00e9. Ce bonnet de taille unique est aussi bien adapt\u00e9 aux enfants qu\u2019aux adultes.<\/p>\n<p>J&rsquo;ai choisi de personnaliser ce bonnet chez <a href=\"https:\/\/www.swiiim.fr\/\">Swiiim<\/a> une entreprise fran\u00e7aise cr\u00e9\u00e9e par Simon Dufour, un ancien nageur s\u00e9lectionn\u00e9 deux fois aux Jeux Olympiques de 2000 \u00e0 Ath\u00e8nes et 2004 \u00e0 Sydney.<\/p>\n<p>Vous les trouverez dans<a href=\"https:\/\/maboxnatation.fr\/index.php\/boutique\/\"> les prochaines box<\/a><\/p>\n<p>N&rsquo;h\u00e9sitez pas \u00e0 laisser un commentaire.<\/p>\n<p>&nbsp;<\/p>\n","protected":false},"excerpt":{"rendered":"<p>Bonnet de natation en silicone bleu \u00ab\u00a0Ma box natation\u00a0\u00bb. Que vous soyez nageurs r\u00e9guliers ou occasionnels, vous savez que le port du bonnet de natation est id\u00e9al pour nager. Malheureusement, il n&rsquo;est pas encore obligatoire dans toutes les piscines ce qui est fort dommage. Les avantages du port du bonnet de natation sont multiples. Tout &hellip; <\/p>\n<p class=\"link-more\"><a href=\"https:\/\/maboxnatation.fr\/index.php\/produit\/bonnet-de-natation\/\" class=\"more-link\">Continuer la lecture<span class=\"screen-reader-text\"> de &laquo;&nbsp;Bonnet de natation&nbsp;&raquo;<\/span><\/a><\/p>\n","protected":false},"featured_media":308,"comment_status":"open","ping_status":"closed","template":"","meta":[],"product_brand":[],"product_cat":[15],"product_tag":[70,42,17,71],"class_list":{"0":"post-307","1":"product","2":"type-product","3":"status-publish","4":"has-post-thumbnail","6":"product_cat-non-classe","7":"product_tag-bonnet","8":"product_tag-bonnet-de-natation","9":"product_tag-natation","10":"product_tag-swim-cap","12":"first","13":"instock","14":"shipping-taxable","15":"purchasable","16":"product-type-simple"},"yoast_head":"<!-- This site is optimized with the Yoast SEO plugin v27.4 - https:\/\/yoast.com\/product\/yoast-seo-wordpress\/ -->\n<title>Bonnet de natation - Ma box natation<\/title>\n<meta name=\"description\" content=\"Bonnet de natation en silicone bleu. Avec le logo &quot;Ma box natation&quot;. bonnet id\u00e9al pour nager sans mouiller et sans abimer ses cheveux.\" \/>\n<meta name=\"robots\" content=\"index, follow, max-snippet:-1, max-image-preview:large, max-video-preview:-1\" \/>\n<link rel=\"canonical\" href=\"https:\/\/maboxnatation.fr\/index.php\/produit\/bonnet-de-natation\/\" \/>\n<meta property=\"og:locale\" content=\"fr_FR\" \/>\n<meta property=\"og:type\" content=\"article\" \/>\n<meta property=\"og:title\" content=\"Bonnet de natation - Ma box natation\" \/>\n<meta property=\"og:description\" content=\"Bonnet de natation en silicone bleu. Avec le logo &quot;Ma box natation&quot;. bonnet id\u00e9al pour nager sans mouiller et sans abimer ses cheveux.\" \/>\n<meta property=\"og:url\" content=\"https:\/\/maboxnatation.fr\/index.php\/produit\/bonnet-de-natation\/\" \/>\n<meta property=\"og:site_name\" content=\"Ma box natation\" \/>\n<meta property=\"article:modified_time\" content=\"2025-06-16T05:28:30+00:00\" \/>\n<meta property=\"og:image\" content=\"https:\/\/maboxnatation.fr\/wp-content\/uploads\/2024\/07\/Screenshot_20240613-091004_Photos2.jpg\" \/>\n\t<meta property=\"og:image:width\" content=\"1053\" \/>\n\t<meta property=\"og:image:height\" content=\"894\" \/>\n\t<meta property=\"og:image:type\" content=\"image\/jpeg\" \/>\n<meta name=\"twitter:card\" content=\"summary_large_image\" \/>\n<meta name=\"twitter:label1\" content=\"Dur\u00e9e de lecture estim\u00e9e\" \/>\n\t<meta name=\"twitter:data1\" content=\"2 minutes\" \/>\n<script type=\"application\/ld+json\" class=\"yoast-schema-graph\">{\"@context\":\"https:\\\/\\\/schema.org\",\"@graph\":[{\"@type\":\"WebPage\",\"@id\":\"https:\\\/\\\/maboxnatation.fr\\\/index.php\\\/produit\\\/bonnet-de-natation\\\/\",\"url\":\"https:\\\/\\\/maboxnatation.fr\\\/index.php\\\/produit\\\/bonnet-de-natation\\\/\",\"name\":\"Bonnet de natation - Ma box natation\",\"isPartOf\":{\"@id\":\"https:\\\/\\\/maboxnatation.fr\\\/#website\"},\"primaryImageOfPage\":{\"@id\":\"https:\\\/\\\/maboxnatation.fr\\\/index.php\\\/produit\\\/bonnet-de-natation\\\/#primaryimage\"},\"image\":{\"@id\":\"https:\\\/\\\/maboxnatation.fr\\\/index.php\\\/produit\\\/bonnet-de-natation\\\/#primaryimage\"},\"thumbnailUrl\":\"https:\\\/\\\/i0.wp.com\\\/maboxnatation.fr\\\/wp-content\\\/uploads\\\/2024\\\/07\\\/Screenshot_20240613-091004_Photos2.jpg?fit=1053%2C894&ssl=1\",\"datePublished\":\"2024-07-24T19:39:37+00:00\",\"dateModified\":\"2025-06-16T05:28:30+00:00\",\"description\":\"Bonnet de natation en silicone bleu. Avec le logo \\\"Ma box natation\\\". bonnet id\u00e9al pour nager sans mouiller et sans abimer ses cheveux.\",\"breadcrumb\":{\"@id\":\"https:\\\/\\\/maboxnatation.fr\\\/index.php\\\/produit\\\/bonnet-de-natation\\\/#breadcrumb\"},\"inLanguage\":\"fr-FR\",\"potentialAction\":[{\"@type\":\"ReadAction\",\"target\":[\"https:\\\/\\\/maboxnatation.fr\\\/index.php\\\/produit\\\/bonnet-de-natation\\\/\"]}]},{\"@type\":\"ImageObject\",\"inLanguage\":\"fr-FR\",\"@id\":\"https:\\\/\\\/maboxnatation.fr\\\/index.php\\\/produit\\\/bonnet-de-natation\\\/#primaryimage\",\"url\":\"https:\\\/\\\/i0.wp.com\\\/maboxnatation.fr\\\/wp-content\\\/uploads\\\/2024\\\/07\\\/Screenshot_20240613-091004_Photos2.jpg?fit=1053%2C894&ssl=1\",\"contentUrl\":\"https:\\\/\\\/i0.wp.com\\\/maboxnatation.fr\\\/wp-content\\\/uploads\\\/2024\\\/07\\\/Screenshot_20240613-091004_Photos2.jpg?fit=1053%2C894&ssl=1\",\"width\":1053,\"height\":894,\"caption\":\"Bonnet ma box natation\"},{\"@type\":\"BreadcrumbList\",\"@id\":\"https:\\\/\\\/maboxnatation.fr\\\/index.php\\\/produit\\\/bonnet-de-natation\\\/#breadcrumb\",\"itemListElement\":[{\"@type\":\"ListItem\",\"position\":1,\"name\":\"Accueil\",\"item\":\"https:\\\/\\\/maboxnatation.fr\\\/\"},{\"@type\":\"ListItem\",\"position\":2,\"name\":\"Boutique\",\"item\":\"https:\\\/\\\/maboxnatation.fr\\\/index.php\\\/boutique\\\/\"},{\"@type\":\"ListItem\",\"position\":3,\"name\":\"Bonnet de natation\"}]},{\"@type\":\"WebSite\",\"@id\":\"https:\\\/\\\/maboxnatation.fr\\\/#website\",\"url\":\"https:\\\/\\\/maboxnatation.fr\\\/\",\"name\":\"Ma box natation\",\"description\":\"L&#039;essentiel pour la natation\",\"publisher\":{\"@id\":\"https:\\\/\\\/maboxnatation.fr\\\/#organization\"},\"potentialAction\":[{\"@type\":\"SearchAction\",\"target\":{\"@type\":\"EntryPoint\",\"urlTemplate\":\"https:\\\/\\\/maboxnatation.fr\\\/?s={search_term_string}\"},\"query-input\":{\"@type\":\"PropertyValueSpecification\",\"valueRequired\":true,\"valueName\":\"search_term_string\"}}],\"inLanguage\":\"fr-FR\"},{\"@type\":\"Organization\",\"@id\":\"https:\\\/\\\/maboxnatation.fr\\\/#organization\",\"name\":\"ma box natation\",\"url\":\"https:\\\/\\\/maboxnatation.fr\\\/\",\"logo\":{\"@type\":\"ImageObject\",\"inLanguage\":\"fr-FR\",\"@id\":\"https:\\\/\\\/maboxnatation.fr\\\/#\\\/schema\\\/logo\\\/image\\\/\",\"url\":\"https:\\\/\\\/maboxnatation.fr\\\/wp-content\\\/uploads\\\/2021\\\/11\\\/Design-sans-titre-3.png\",\"contentUrl\":\"https:\\\/\\\/maboxnatation.fr\\\/wp-content\\\/uploads\\\/2021\\\/11\\\/Design-sans-titre-3.png\",\"width\":1000,\"height\":1000,\"caption\":\"ma box natation\"},\"image\":{\"@id\":\"https:\\\/\\\/maboxnatation.fr\\\/#\\\/schema\\\/logo\\\/image\\\/\"}}]}<\/script>\n<!-- \/ Yoast SEO plugin. -->","yoast_head_json":{"title":"Bonnet de natation - Ma box natation","description":"Bonnet de natation en silicone bleu. Avec le logo \"Ma box natation\". bonnet id\u00e9al pour nager sans mouiller et sans abimer ses cheveux.","robots":{"index":"index","follow":"follow","max-snippet":"max-snippet:-1","max-image-preview":"max-image-preview:large","max-video-preview":"max-video-preview:-1"},"canonical":"https:\/\/maboxnatation.fr\/index.php\/produit\/bonnet-de-natation\/","og_locale":"fr_FR","og_type":"article","og_title":"Bonnet de natation - Ma box natation","og_description":"Bonnet de natation en silicone bleu. Avec le logo \"Ma box natation\". bonnet id\u00e9al pour nager sans mouiller et sans abimer ses cheveux.","og_url":"https:\/\/maboxnatation.fr\/index.php\/produit\/bonnet-de-natation\/","og_site_name":"Ma box natation","article_modified_time":"2025-06-16T05:28:30+00:00","og_image":[{"width":1053,"height":894,"url":"https:\/\/maboxnatation.fr\/wp-content\/uploads\/2024\/07\/Screenshot_20240613-091004_Photos2.jpg","type":"image\/jpeg"}],"twitter_card":"summary_large_image","twitter_misc":{"Dur\u00e9e de lecture estim\u00e9e":"2 minutes"},"schema":{"@context":"https:\/\/schema.org","@graph":[{"@type":"WebPage","@id":"https:\/\/maboxnatation.fr\/index.php\/produit\/bonnet-de-natation\/","url":"https:\/\/maboxnatation.fr\/index.php\/produit\/bonnet-de-natation\/","name":"Bonnet de natation - Ma box natation","isPartOf":{"@id":"https:\/\/maboxnatation.fr\/#website"},"primaryImageOfPage":{"@id":"https:\/\/maboxnatation.fr\/index.php\/produit\/bonnet-de-natation\/#primaryimage"},"image":{"@id":"https:\/\/maboxnatation.fr\/index.php\/produit\/bonnet-de-natation\/#primaryimage"},"thumbnailUrl":"https:\/\/i0.wp.com\/maboxnatation.fr\/wp-content\/uploads\/2024\/07\/Screenshot_20240613-091004_Photos2.jpg?fit=1053%2C894&ssl=1","datePublished":"2024-07-24T19:39:37+00:00","dateModified":"2025-06-16T05:28:30+00:00","description":"Bonnet de natation en silicone bleu. Avec le logo \"Ma box natation\". bonnet id\u00e9al pour nager sans mouiller et sans abimer ses cheveux.","breadcrumb":{"@id":"https:\/\/maboxnatation.fr\/index.php\/produit\/bonnet-de-natation\/#breadcrumb"},"inLanguage":"fr-FR","potentialAction":[{"@type":"ReadAction","target":["https:\/\/maboxnatation.fr\/index.php\/produit\/bonnet-de-natation\/"]}]},{"@type":"ImageObject","inLanguage":"fr-FR","@id":"https:\/\/maboxnatation.fr\/index.php\/produit\/bonnet-de-natation\/#primaryimage","url":"https:\/\/i0.wp.com\/maboxnatation.fr\/wp-content\/uploads\/2024\/07\/Screenshot_20240613-091004_Photos2.jpg?fit=1053%2C894&ssl=1","contentUrl":"https:\/\/i0.wp.com\/maboxnatation.fr\/wp-content\/uploads\/2024\/07\/Screenshot_20240613-091004_Photos2.jpg?fit=1053%2C894&ssl=1","width":1053,"height":894,"caption":"Bonnet ma box natation"},{"@type":"BreadcrumbList","@id":"https:\/\/maboxnatation.fr\/index.php\/produit\/bonnet-de-natation\/#breadcrumb","itemListElement":[{"@type":"ListItem","position":1,"name":"Accueil","item":"https:\/\/maboxnatation.fr\/"},{"@type":"ListItem","position":2,"name":"Boutique","item":"https:\/\/maboxnatation.fr\/index.php\/boutique\/"},{"@type":"ListItem","position":3,"name":"Bonnet de natation"}]},{"@type":"WebSite","@id":"https:\/\/maboxnatation.fr\/#website","url":"https:\/\/maboxnatation.fr\/","name":"Ma box natation","description":"L&#039;essentiel pour la natation","publisher":{"@id":"https:\/\/maboxnatation.fr\/#organization"},"potentialAction":[{"@type":"SearchAction","target":{"@type":"EntryPoint","urlTemplate":"https:\/\/maboxnatation.fr\/?s={search_term_string}"},"query-input":{"@type":"PropertyValueSpecification","valueRequired":true,"valueName":"search_term_string"}}],"inLanguage":"fr-FR"},{"@type":"Organization","@id":"https:\/\/maboxnatation.fr\/#organization","name":"ma box natation","url":"https:\/\/maboxnatation.fr\/","logo":{"@type":"ImageObject","inLanguage":"fr-FR","@id":"https:\/\/maboxnatation.fr\/#\/schema\/logo\/image\/","url":"https:\/\/maboxnatation.fr\/wp-content\/uploads\/2021\/11\/Design-sans-titre-3.png","contentUrl":"https:\/\/maboxnatation.fr\/wp-content\/uploads\/2021\/11\/Design-sans-titre-3.png","width":1000,"height":1000,"caption":"ma box natation"},"image":{"@id":"https:\/\/maboxnatation.fr\/#\/schema\/logo\/image\/"}}]}},"jetpack_sharing_enabled":true,"_links":{"self":[{"href":"https:\/\/maboxnatation.fr\/index.php\/wp-json\/wp\/v2\/product\/307","targetHints":{"allow":["GET"]}}],"collection":[{"href":"https:\/\/maboxnatation.fr\/index.php\/wp-json\/wp\/v2\/product"}],"about":[{"href":"https:\/\/maboxnatation.fr\/index.php\/wp-json\/wp\/v2\/types\/product"}],"replies":[{"embeddable":true,"href":"https:\/\/maboxnatation.fr\/index.php\/wp-json\/wp\/v2\/comments?post=307"}],"wp:featuredmedia":[{"embeddable":true,"href":"https:\/\/maboxnatation.fr\/index.php\/wp-json\/wp\/v2\/media\/308"}],"wp:attachment":[{"href":"https:\/\/maboxnatation.fr\/index.php\/wp-json\/wp\/v2\/media?parent=307"}],"wp:term":[{"taxonomy":"product_brand","embeddable":true,"href":"https:\/\/maboxnatation.fr\/index.php\/wp-json\/wp\/v2\/product_brand?post=307"},{"taxonomy":"product_cat","embeddable":true,"href":"https:\/\/maboxnatation.fr\/index.php\/wp-json\/wp\/v2\/product_cat?post=307"},{"taxonomy":"product_tag","embeddable":true,"href":"https:\/\/maboxnatation.fr\/index.php\/wp-json\/wp\/v2\/product_tag?post=307"}],"curies":[{"name":"wp","href":"https:\/\/api.w.org\/{rel}","templated":true}]}}